
2
What is the units digit of 56768?
8
What is the ten thousands digit of 20757000?
5
What is the ten thousands digit of 2491895?
9
What is the thousands digit of 246958?
6
What is the hundred thousands digit of 511351?
5
What is the hundred thousands digit of 1711318?
7
What is the hundred thousands digit of 400778?
4
What is the units digit of 7943696?
6
What is the units digit of 322313?
3
What is the tens digit of 689914?
1
What is the tens digit of 268291?
9
What is the hundred thousands digit of 3956861?
9
What is the units digit of 268761?
1
What is the hundred thousands digit of 1001054?
0
What is the tens digit of 1314352?
5
What is the hundreds digit of 20047667?
6
What is the thousands digit of 1261828?
1
What is the ten thousands digit of 24871264?
7
What is the thousands digit of 256336?
6
What is the units digit of 5734225?
5
What is the tens digit of 679489?
8
What is the hundred thousands digit of 5371615?
3
What is the ten thousands digit of 167045?
6
What is the units digit of 1049436?
6
What is the hundreds digit of 1989710?
7
What is the ten thousands digit of 1205571?
0
What is the thousands digit of 1232681?
2
What is the tens digit of 2582334?
3
What is the ten thousands digit of 3303048?
0
What is the hundreds digit of 1459404?
4
What is the units digit of 1302556?
6
What is the hundred thousands digit of 479972?
4
What is the ten thousands digit of 879950?
7
What is the millions digit of 6939268?
6
What is the ten thousands digit of 139983?
3
What is the hundred thousands digit of 292607?
2
What is the ten millions digit of 17705020?
1
What is the hundreds digit of 181345?
3
What is the tens digit of 760250?
5
What is the thousands digit of 2883145?
3
What is the ten thousands digit of 8785097?
8
What is the millions digit of 3307203?
3
What is the thousands digit of 389965?
9
What is the tens digit of 794241?
4
What is the tens digit of 133446?
4
What is the tens digit of 59527?
2
What is the hundred thousands digit of 1238810?
2
What is the ten thousands digit of 265154?
6
What is the ten thousands digit of 2438156?
3
What is the millions digit of 1918843?
1
What is the hundred thousands digit of 6672930?
6
What is the ten thousands digit of 112303?
1
What is the units digit of 2491337?
7
What is the units digit of 1031025?
5
What is the thousands digit of 1762889?
2
What is the units digit of 9001403?
3
What is the hundreds digit of 3562603?
6
What is the hundreds digit of 61711?
7
What is the hundreds digit of 94220?
2
What is the hundreds digit of 59636?
6
What is the hundreds digit of 361854?
8
What is the millions digit of 1031264?
1
What is the tens digit of 489408?
0
What is the thousands digit of 652998?
2
What is the hundred thousands digit of 7005665?
0
What is the units digit of 1368592?
2
What is the thousands digit of 607644?
7
What is the ten thousands digit of 1179664?
7
What is the tens digit of 273728?
2
What is the thousands digit of 4608871?
8
What is the thousands digit of 2592342?
2
What is the thousands digit of 88191?
8
What is the units digit of 907393?
3
What is the hundreds digit of 204029?
0
What is the hundreds digit of 42694?
6
What is the millions digit of 1613954?
1
What is the units digit of 238585?
5
What is the units digit of 105379?
9
What is the tens digit of 670301?
0
What is the thousands digit of 162782?
2
What is the hundred thousands digit of 19668852?
6
What is the hundred thousands digit of 3474778?
4
What is the hundred thousands digit of 330096?
3
What is the thousands digit of 11458444?
8
What is the ten thousands digit of 6913375?
1
What is the ten thousands digit of 2134577?
3
What is the thousands digit of 861541?
1
What is the hundreds digit of 234288?
2
What is the thousands digit of 100821?
0
What is the ten thousands digit of 3767585?
6
What is the hundred thousands digit of 1526154?
5
What is the units digit of 21992804?
4
What is the units digit of 19735001?
1
What is the hundreds digit of 546659?
6
What is the hundreds digit of 15836638?
6
What is the tens digit of 1109300?
0
What is the ten thousands digit of 64809?
6
What is the units digit of 659258?
8
What is the ten thousands digit of 14154892?
5
What is the hundreds digit of 33396?
3
What is the hundred thousands digit of 117792?
1
What is the thousands digit of 1703933?
3
What is the thousands digit of 17970455?
0
What is the hundreds digit of 23090608?
6
What is the hundreds digit of 1406478?
4
What is the ten thousands digit of 107991?
0
What is the ten thousands digit of 2929278?
2
What is the tens digit of 89423?
2
What is the units digit of 633569?
9
What is the hundreds digit of 53186?
1
What is the hundred thousands digit of 1012709?
0
What is the tens digit of 293075?
7
What is the ten millions digit of 15761102?
1
What is the ten thousands digit of 10743501?
4
What is the hundred thousands digit of 219174?
2
What is the ten thousands digit of 318899?
1
What is the ten thousands digit of 365117?
6
What is the units digit of 78229?
9
What is the units digit of 341569?
9
What is the thousands digit of 10662386?
2
What is the units digit of 20783170?
0
What is the hundreds digit of 41302?
3
What is the units digit of 173172?
2
What is the tens digit of 131636?
3
What is the hundred thousands digit of 197751?
1
What is the units digit of 110445?
5
What is the thousands digit of 1452125?
2
What is the hundred thousands digit of 4588320?
5
What is the hundreds digit of 170770?
7
What is the hundred thousands digit of 1867114?
8
What is the tens digit of 53615?
1
What is the ten thousands digit of 4121221?
2
What is the thousands digit of 197247?
7
What is the hundreds digit of 11363442?
4
What is the thousands digit of 463500?
3
What is the units digit of 147955?
5
What is the hundred thousands digit of 1348412?
3
What is the units digit of 9410922?
2
What is the tens digit of 2983?
8
What is the tens digit of 787276?
7
What is the ten thousands digit of 26530210?
3
What is the ten thousands digit of 9378750?
7
What is the thousands digit of 10508399?
8
What is the units digit of 92623?
3
What is the tens digit of 43650?
5
What is the thousands digit of 384545?
4
What is the tens digit of 17252696?
9
What is the units digit of 369766?
6
What is the ten thousands digit of 102265?
0
What is the ten thousands digit of 1146173?
4
What is the hundred thousands digit of 329366?
3
What is the tens digit of 1214738?
3
What is the tens digit of 12912?
1
What is the ten thousands digit of 144381?
4
What is the tens digit of 99980?
8
What is the hundred thousands digit of 8250274?
2
What is the tens digit of 19722233?
3
What is the ten thousands digit of 8617378?
1
What is the tens digit of 12489726?
2
What is the tens digit of 320493?
9
What is the tens digit of 11896661?
6
What is the tens digit of 29548288?
8
What is the units digit of 24898609?
9
What is the tens digit of 537289?
8
What is the hundred thousands digit of 566734?
5
What is the thousands digit of 2325848?
5
What is the hundreds digit of 78170?
1
What is the tens digit of 839024?
2
What is the hundreds digit of 25856105?
1
What is the hundreds digit of 539091?
0
What is the thousands digit of 3065074?
5
What is the ten thousands digit of 4559891?
5
What is the units digit of 2441610?
0
What is the tens digit of 1172650?
5
What is the units digit of 941683?
3
What is the thousands digit of 42813?
2
What is the hundred thousands digit of 1809811?
8
What is the hundreds digit of 351901?
9
What is the units digit of 611413?
3
What is the thousands digit of 17732372?
2
What is the units digit of 2173942?
2
What is the hundred thousands digit of 577131?
5
What is the units digit of 8634351?
1
What is the hundreds digit of 1004578?
5
What is the units digit of 158717?
7
What is the hundreds digit of 1319356?
3
What is the hundred thousands digit of 18620635?
6
What is the units digit of 35756?
6
What is the units digit of 7770817?
7
What is the thousands digit of 5295506?
5
What is the ten thousands digit of 468429?
6
What is the hundred thousands digit of 710445?
7
What is the ten thousands digit of 4335827?
3
What is the hundred thousands digit of 351627?
3
What is the units digit of 5695470?
0
What is the tens digit of 31573271?
7
What is the hun